{"id":569,"date":"2025-11-20T16:17:28","date_gmt":"2025-11-20T16:17:28","guid":{"rendered":"http:\/\/www.carbonesandinos.com\/?page_id=569"},"modified":"2025-11-27T19:57:02","modified_gmt":"2025-11-27T19:57:02","slug":"informacion-para-conductores","status":"publish","type":"page","link":"http:\/\/www.carbonesandinos.com\/?page_id=569","title":{"rendered":"Informaci\u00f3n para Conductores"},"content":{"rendered":"\n<p>Carbones andinos est\u00e1 comprometido con la seguridad vial, por eso ha dispuesto este espacio para que todos los conductores, internos y visitantes, conozcan de manera audiovisual las campa\u00f1as de seguridad vial de la compa\u00f1\u00eda<\/p>\n\n\n\n<div class=\"wp-block-columns is-layout-flex wp-container-core-columns-is-layout-9d6595d7 wp-block-columns-is-layout-flex\">\n<div class=\"wp-block-column is-layout-flow wp-block-column-is-layout-flow\"><\/div>\n<\/div>\n\n\n\n<p class=\"has-text-align-center\">Lo primero que tienes que hacer es conocer nuestra <a href=\"http:\/\/www.carbonesandinos.com\/?page_id=87\" data-type=\"page\" data-id=\"87\">Pol\u00edtica de Seguridad y Salud en el Trabajo<\/a><\/p>\n\n\n\n<p><\/p>\n\n\n\n<p class=\"has-medium-font-size\">A continuaci\u00f3n te dejamos cada uno de los protocolos para ingresar a Carbones Andinos:<\/p>\n\n\n\n<div class=\"wp-block-columns is-layout-flex wp-container-core-columns-is-layout-9d6595d7 wp-block-columns-is-layout-flex\">\n<div class=\"wp-block-column is-layout-flow wp-block-column-is-layout-flow\">\n<div data-wp-interactive=\"core\/file\" class=\"wp-block-file\"><object data-wp-bind--hidden=\"!state.hasPdfPreview\" hidden class=\"wp-block-file__embed\" data=\"http:\/\/www.carbonesandinos.com\/wp-content\/uploads\/2025\/11\/SST-ODC-033-PROTOCOLO-INGRESO-VISITANTES-V03.pdf\" type=\"application\/pdf\" style=\"width:100%;height:370px\" aria-label=\"Embed of SST-ODC-033 PROTOCOLO INGRESO VISITANTES V03.\"><\/object><a id=\"wp-block-file--media-21993d8b-d721-49c6-a131-8422e57c1611\" href=\"http:\/\/www.carbonesandinos.com\/wp-content\/uploads\/2025\/11\/SST-ODC-033-PROTOCOLO-INGRESO-VISITANTES-V03.pdf\">SST-ODC-033 PROTOCOLO INGRESO VISITANTES V03<\/a><a href=\"http:\/\/www.carbonesandinos.com\/wp-content\/uploads\/2025\/11\/SST-ODC-033-PROTOCOLO-INGRESO-VISITANTES-V03.pdf\" class=\"wp-block-file__button wp-element-button\" download aria-describedby=\"wp-block-file--media-21993d8b-d721-49c6-a131-8422e57c1611\">Descargar<\/a><\/div>\n<\/div>\n\n\n\n<div class=\"wp-block-column is-layout-flow wp-block-column-is-layout-flow\">\n<div data-wp-interactive=\"core\/file\" class=\"wp-block-file\"><object data-wp-bind--hidden=\"!state.hasPdfPreview\" hidden class=\"wp-block-file__embed\" data=\"http:\/\/www.carbonesandinos.com\/wp-content\/uploads\/2025\/11\/SST-ODC-034-PROTOCOLO-INGRESO-PROVEEDORES-V02.pdf\" type=\"application\/pdf\" style=\"width:100%;height:370px\" aria-label=\"Embed of SST-ODC-034 PROTOCOLO INGRESO PROVEEDORES V02.\"><\/object><a id=\"wp-block-file--media-9a0d8cbe-595f-48d4-bcc3-2caa936cc95e\" href=\"http:\/\/www.carbonesandinos.com\/wp-content\/uploads\/2025\/11\/SST-ODC-034-PROTOCOLO-INGRESO-PROVEEDORES-V02.pdf\">SST-ODC-034 PROTOCOLO INGRESO PROVEEDORES V02<\/a><a href=\"http:\/\/www.carbonesandinos.com\/wp-content\/uploads\/2025\/11\/SST-ODC-034-PROTOCOLO-INGRESO-PROVEEDORES-V02.pdf\" class=\"wp-block-file__button wp-element-button\" download aria-describedby=\"wp-block-file--media-9a0d8cbe-595f-48d4-bcc3-2caa936cc95e\">Descargar<\/a><\/div>\n<\/div>\n\n\n\n<div class=\"wp-block-column is-layout-flow wp-block-column-is-layout-flow\">\n<div data-wp-interactive=\"core\/file\" class=\"wp-block-file\"><object data-wp-bind--hidden=\"!state.hasPdfPreview\" hidden class=\"wp-block-file__embed\" data=\"http:\/\/www.carbonesandinos.com\/wp-content\/uploads\/2025\/11\/SST-ODC-032-PROTOCOLO-CONTRATISTAS-V04.pdf\" type=\"application\/pdf\" style=\"width:100%;height:370px\" aria-label=\"Embed of SST-ODC-032 PROTOCOLO CONTRATISTAS V04.\"><\/object><a id=\"wp-block-file--media-048a75f3-d44f-4056-b193-95ad8daacbe7\" href=\"http:\/\/www.carbonesandinos.com\/wp-content\/uploads\/2025\/11\/SST-ODC-032-PROTOCOLO-CONTRATISTAS-V04.pdf\">SST-ODC-032 PROTOCOLO CONTRATISTAS V04<\/a><a href=\"http:\/\/www.carbonesandinos.com\/wp-content\/uploads\/2025\/11\/SST-ODC-032-PROTOCOLO-CONTRATISTAS-V04.pdf\" class=\"wp-block-file__button wp-element-button\" download aria-describedby=\"wp-block-file--media-048a75f3-d44f-4056-b193-95ad8daacbe7\">Descargar<\/a><\/div>\n<\/div>\n<\/div>\n\n\n\n<div style=\"height:45px\" aria-hidden=\"true\" class=\"wp-block-spacer\"><\/div>\n\n\n\n<h2 class=\"wp-block-heading\">Conoce nuestra Campa\u00f1as de Seguridad Vial<\/h2>\n\n\n\n<figure class=\"wp-block-embed is-type-video is-provider-youtube wp-block-embed-youtube wp-embed-aspect-16-9 wp-has-aspect-ratio\"><div class=\"wp-block-embed__wrapper\">\n<div class=\"nv-iframe-embed\"><iframe loading=\"lazy\" title=\"Reglamento Conductores Externos\" width=\"1200\" height=\"675\" src=\"https:\/\/www.youtube.com\/embed\/wB7VkqsNEJc?feature=oembed\" frameborder=\"0\" allow=\"accelerometer; autoplay; clipboard-write; encrypted-media; gyroscope; picture-in-picture; web-share\" referrerpolicy=\"strict-origin-when-cross-origin\" allowfullscreen><\/iframe><\/div>\n<\/div><\/figure>\n\n\n\n<div style=\"height:46px\" aria-hidden=\"true\" class=\"wp-block-spacer\"><\/div>\n\n\n\n<div class=\"wp-block-columns is-layout-flex wp-container-core-columns-is-layout-9d6595d7 wp-block-columns-is-layout-flex\">\n<div class=\"wp-block-column is-layout-flow wp-block-column-is-layout-flow\">\n<figure class=\"wp-block-embed is-type-video is-provider-youtube wp-block-embed-youtube wp-embed-aspect-16-9 wp-has-aspect-ratio\"><div class=\"wp-block-embed__wrapper\">\n<div class=\"nv-iframe-embed\"><iframe loading=\"lazy\" title=\"Maquinaria amarilla puntos ciegos\" width=\"1200\" height=\"675\" src=\"https:\/\/www.youtube.com\/embed\/yfLQO85-p0w?feature=oembed\" frameborder=\"0\" allow=\"accelerometer; autoplay; clipboard-write; encrypted-media; gyroscope; picture-in-picture; web-share\" referrerpolicy=\"strict-origin-when-cross-origin\" allowfullscreen><\/iframe><\/div>\n<\/div><\/figure>\n<\/div>\n\n\n\n<div class=\"wp-block-column is-layout-flow wp-block-column-is-layout-flow\">\n<figure class=\"wp-block-embed is-type-video is-provider-youtube wp-block-embed-youtube wp-embed-aspect-16-9 wp-has-aspect-ratio\"><div class=\"wp-block-embed__wrapper\">\n<div class=\"nv-iframe-embed\"><iframe loading=\"lazy\" title=\"Puntos ciegos 1\" width=\"1200\" height=\"675\" src=\"https:\/\/www.youtube.com\/embed\/xRjuisuGZig?feature=oembed\" frameborder=\"0\" allow=\"accelerometer; autoplay; clipboard-write; encrypted-media; gyroscope; picture-in-picture; web-share\" referrerpolicy=\"strict-origin-when-cross-origin\" allowfullscreen><\/iframe><\/div>\n<\/div><\/figure>\n<\/div>\n\n\n\n<div class=\"wp-block-column is-layout-flow wp-block-column-is-layout-flow\">\n<figure class=\"wp-block-embed is-type-video is-provider-youtube wp-block-embed-youtube wp-embed-aspect-16-9 wp-has-aspect-ratio\"><div class=\"wp-block-embed__wrapper\">\n<div class=\"nv-iframe-embed\"><iframe loading=\"lazy\" title=\"seguridad vial conductores\" width=\"1200\" height=\"675\" src=\"https:\/\/www.youtube.com\/embed\/jKguGaLyLwI?feature=oembed\" frameborder=\"0\" allow=\"accelerometer; autoplay; clipboard-write; encrypted-media; gyroscope; picture-in-picture; web-share\" referrerpolicy=\"strict-origin-when-cross-origin\" allowfullscreen><\/iframe><\/div>\n<\/div><\/figure>\n<\/div>\n<\/div>\n\n\n\n<blockquote class=\"wp-block-quote has-text-align-center is-layout-flow wp-block-quote-is-layout-flow\">\n<p>En Carbones Andinos la Seguridad es Prioridad<\/p>\n<\/blockquote>\n","protected":false},"excerpt":{"rendered":"<p>Carbones andinos est\u00e1 comprometido con la seguridad vial, por eso ha dispuesto este espacio para que todos los conductores, internos y visitantes, conozcan de manera audiovisual las campa\u00f1as de seguridad vial de la compa\u00f1\u00eda Lo primero que tienes que hacer es conocer nuestra Pol\u00edtica de Seguridad y Salud en el Trabajo A continuaci\u00f3n te dejamos&hellip;&nbsp;<a href=\"http:\/\/www.carbonesandinos.com\/?page_id=569\" rel=\"bookmark\">Read More &raquo;<span class=\"screen-reader-text\">Informaci\u00f3n para Conductores<\/span><\/a><\/p>\n","protected":false},"author":1,"featured_media":0,"parent":0,"menu_order":0,"comment_status":"closed","ping_status":"closed","template":"","meta":{"neve_meta_sidebar":"","neve_meta_container":"","neve_meta_enable_content_width":"","neve_meta_content_width":0,"neve_meta_title_alignment":"","neve_meta_author_avatar":"","neve_post_elements_order":"","neve_meta_disable_header":"","neve_meta_disable_footer":"","neve_meta_disable_title":"","footnotes":""},"class_list":["post-569","page","type-page","status-publish","hentry"],"_links":{"self":[{"href":"http:\/\/www.carbonesandinos.com\/index.php?rest_route=\/wp\/v2\/pages\/569","targetHints":{"allow":["GET"]}}],"collection":[{"href":"http:\/\/www.carbonesandinos.com\/index.php?rest_route=\/wp\/v2\/pages"}],"about":[{"href":"http:\/\/www.carbonesandinos.com\/index.php?rest_route=\/wp\/v2\/types\/page"}],"author":[{"embeddable":true,"href":"http:\/\/www.carbonesandinos.com\/index.php?rest_route=\/wp\/v2\/users\/1"}],"replies":[{"embeddable":true,"href":"http:\/\/www.carbonesandinos.com\/index.php?rest_route=%2Fwp%2Fv2%2Fcomments&post=569"}],"version-history":[{"count":6,"href":"http:\/\/www.carbonesandinos.com\/index.php?rest_route=\/wp\/v2\/pages\/569\/revisions"}],"predecessor-version":[{"id":586,"href":"http:\/\/www.carbonesandinos.com\/index.php?rest_route=\/wp\/v2\/pages\/569\/revisions\/586"}],"wp:attachment":[{"href":"http:\/\/www.carbonesandinos.com\/index.php?rest_route=%2Fwp%2Fv2%2Fmedia&parent=569"}],"curies":[{"name":"wp","href":"https:\/\/api.w.org\/{rel}","templated":true}]}}